{"id":14,"date":"2024-05-04T09:45:04","date_gmt":"2024-05-04T09:45:04","guid":{"rendered":"https:\/\/sativagrowshop.com\/blog\/sobre\/"},"modified":"2025-01-31T16:44:38","modified_gmt":"2025-01-31T16:44:38","slug":"sobre","status":"publish","type":"page","link":"https:\/\/www.sativagrowshop.com\/blog\/sobre\/","title":{"rendered":"Sativa Grow Shop"},"content":{"rendered":"\n<div class=\"wp-block-group alignfull has-background-background-color has-background has-global-padding is-layout-constrained wp-container-core-group-is-layout-eed7453c wp-block-group-is-layout-constrained\" style=\"margin-top:0;margin-bottom:0;padding-top:0;padding-right:0;padding-left:0\">\n<div class=\"wp-block-cover alignfull ext-import\" style=\"padding-top:0;padding-right:var(--wp--preset--spacing--30);padding-bottom:0;padding-left:var(--wp--preset--spacing--30);min-height:50px;aspect-ratio:unset;\"><span aria-hidden=\"true\" class=\"wp-block-cover__background has-black-background-color has-background-dim\"><\/span><img loading=\"lazy\" decoding=\"async\" width=\"1792\" height=\"1024\" class=\"wp-block-cover__image-background wp-image-108\" alt=\"\" src=\"https:\/\/www.sativagrowshop.com\/blog\/wp-content\/uploads\/2025\/01\/img-f0DQjL16BRbk4i5hKTscUoPk.png\" data-object-fit=\"cover\" srcset=\"https:\/\/www.sativagrowshop.com\/blog\/wp-content\/uploads\/2025\/01\/img-f0DQjL16BRbk4i5hKTscUoPk.png 1792w, https:\/\/www.sativagrowshop.com\/blog\/wp-content\/uploads\/2025\/01\/img-f0DQjL16BRbk4i5hKTscUoPk-300x171.png 300w, https:\/\/www.sativagrowshop.com\/blog\/wp-content\/uploads\/2025\/01\/img-f0DQjL16BRbk4i5hKTscUoPk-1024x585.png 1024w, https:\/\/www.sativagrowshop.com\/blog\/wp-content\/uploads\/2025\/01\/img-f0DQjL16BRbk4i5hKTscUoPk-768x439.png 768w, https:\/\/www.sativagrowshop.com\/blog\/wp-content\/uploads\/2025\/01\/img-f0DQjL16BRbk4i5hKTscUoPk-1536x878.png 1536w\" sizes=\"auto, (max-width: 1792px) 100vw, 1792px\" \/><div class=\"wp-block-cover__inner-container has-global-padding is-layout-constrained wp-container-core-cover-is-layout-17d11c15 wp-block-cover-is-layout-constrained\">\n<div class=\"wp-block-group has-global-padding is-layout-constrained wp-block-group-is-layout-constrained\" style=\"padding-top:var(--wp--preset--spacing--60);padding-bottom:var(--wp--preset--spacing--60)\">\n<h1 class=\"wp-block-heading has-text-color has-x-large-font-size\" style=\"border-style:none;border-width:0px;border-radius:0px;color:#fffffffc\">Tu Grow Shop de confianza<\/h1>\n\n\n\n<p>Sativa Grow Shop: Tu centro especializado en el cultivo, tratamiento y consumo de cannabis, ya sea medicinal o recreativo desde 2011.<\/p>\n\n\n\n<p class=\"has-text-color\" style=\"color:#fffffffc\">Nuestros expertos en cultivo te guiar\u00e1n para alcanzar resultados \u00f3ptimos en producci\u00f3n y calidad del producto final.<\/p>\n<\/div>\n<\/div><\/div>\n<\/div>\n\n\n\n<div class=\"wp-block-group alignfull has-background-background-color has-background has-global-padding is-layout-constrained wp-container-core-group-is-layout-fb85e995 wp-block-group-is-layout-constrained\" style=\"margin-top:0;margin-bottom:0;padding-top:var(--wp--preset--spacing--60);padding-right:var(--wp--preset--spacing--30);padding-bottom:var(--wp--preset--spacing--60);padding-left:var(--wp--preset--spacing--30)\">\n<h3 class=\"wp-block-heading has-text-align-center\">Nuestra Experiencia en el sector del cannabis<\/h3>\n\n\n\n<p class=\"has-text-align-center\" style=\"margin-top:16px\">Pioneros en la comercializaci\u00f3n de CBD en Espa\u00f1a<\/p>\n\n\n\n<div class=\"wp-block-group alignwide is-nowrap is-layout-flex wp-container-core-group-is-layout-6c531013 wp-block-group-is-layout-flex\">\n<figure class=\"wp-block-image is-resized ext-import\"><img loading=\"lazy\" decoding=\"async\" width=\"1024\" height=\"1792\" src=\"https:\/\/www.sativagrowshop.com\/blog\/wp-content\/uploads\/2025\/01\/img-kGTHrxje1vtibxhfcwyrZtI5.png\" alt=\"\" class=\"wp-image-111\" style=\"aspect-ratio:0.75;object-fit:cover;width:374px;height:auto\" srcset=\"https:\/\/www.sativagrowshop.com\/blog\/wp-content\/uploads\/2025\/01\/img-kGTHrxje1vtibxhfcwyrZtI5.png 1024w, https:\/\/www.sativagrowshop.com\/blog\/wp-content\/uploads\/2025\/01\/img-kGTHrxje1vtibxhfcwyrZtI5-171x300.png 171w, https:\/\/www.sativagrowshop.com\/blog\/wp-content\/uploads\/2025\/01\/img-kGTHrxje1vtibxhfcwyrZtI5-585x1024.png 585w, https:\/\/www.sativagrowshop.com\/blog\/wp-content\/uploads\/2025\/01\/img-kGTHrxje1vtibxhfcwyrZtI5-768x1344.png 768w, https:\/\/www.sativagrowshop.com\/blog\/wp-content\/uploads\/2025\/01\/img-kGTHrxje1vtibxhfcwyrZtI5-878x1536.png 878w\" sizes=\"auto, (max-width: 1024px) 100vw, 1024px\" \/><\/figure>\n\n\n\n<figure class=\"wp-block-image size-large is-resized ext-import\"><img loading=\"lazy\" decoding=\"async\" width=\"768\" height=\"1024\" src=\"https:\/\/www.sativagrowshop.com\/blog\/wp-content\/uploads\/2025\/01\/20160928_101739-768x1024.jpg\" alt=\"\" class=\"wp-image-113\" style=\"object-fit:cover;width:372px;height:auto\" srcset=\"https:\/\/www.sativagrowshop.com\/blog\/wp-content\/uploads\/2025\/01\/20160928_101739-768x1024.jpg 768w, https:\/\/www.sativagrowshop.com\/blog\/wp-content\/uploads\/2025\/01\/20160928_101739-225x300.jpg 225w, https:\/\/www.sativagrowshop.com\/blog\/wp-content\/uploads\/2025\/01\/20160928_101739-1152x1536.jpg 1152w, https:\/\/www.sativagrowshop.com\/blog\/wp-content\/uploads\/2025\/01\/20160928_101739-1536x2048.jpg 1536w, https:\/\/www.sativagrowshop.com\/blog\/wp-content\/uploads\/2025\/01\/20160928_101739-rotated.jpg 1920w\" sizes=\"auto, (max-width: 768px) 100vw, 768px\" \/><\/figure>\n\n\n\n<figure class=\"wp-block-image size-large is-resized ext-import\"><img loading=\"lazy\" decoding=\"async\" width=\"576\" height=\"1024\" src=\"https:\/\/www.sativagrowshop.com\/blog\/wp-content\/uploads\/2025\/01\/20190902_201721-576x1024.jpg\" alt=\"\" class=\"wp-image-114\" style=\"aspect-ratio:0.75;object-fit:cover;width:370px;height:auto\" srcset=\"https:\/\/www.sativagrowshop.com\/blog\/wp-content\/uploads\/2025\/01\/20190902_201721-576x1024.jpg 576w, https:\/\/www.sativagrowshop.com\/blog\/wp-content\/uploads\/2025\/01\/20190902_201721-169x300.jpg 169w, https:\/\/www.sativagrowshop.com\/blog\/wp-content\/uploads\/2025\/01\/20190902_201721-768x1365.jpg 768w, https:\/\/www.sativagrowshop.com\/blog\/wp-content\/uploads\/2025\/01\/20190902_201721-864x1536.jpg 864w, https:\/\/www.sativagrowshop.com\/blog\/wp-content\/uploads\/2025\/01\/20190902_201721-1152x2048.jpg 1152w, https:\/\/www.sativagrowshop.com\/blog\/wp-content\/uploads\/2025\/01\/20190902_201721-scaled.jpg 1440w\" sizes=\"auto, (max-width: 576px) 100vw, 576px\" \/><\/figure>\n<\/div>\n<\/div>\n\n\n\n<div class=\"wp-block-group alignfull has-background-background-color has-background has-global-padding is-layout-constrained wp-container-core-group-is-layout-254d6575 wp-block-group-is-layout-constrained\" style=\"margin-top:0;margin-bottom:0;padding-top:var(--wp--preset--spacing--60);padding-right:var(--wp--preset--spacing--30);padding-bottom:var(--wp--preset--spacing--60);padding-left:var(--wp--preset--spacing--30)\">\n<div class=\"wp-block-group alignwide has-global-padding is-content-justification-center is-layout-constrained wp-block-group-is-layout-constrained\">\n<h3 class=\"wp-block-heading has-text-align-center\">15 A\u00f1os <\/h3>\n\n\n\n<p class=\"has-text-align-center\" style=\"margin-top:16px\">Para celebrar nuestro 15\u00ba aniversario, \u00a1prep\u00e1rate para miles de sorpresas!<\/p>\n<\/div>\n<\/div>\n\n\n\n<div class=\"wp-block-group alignfull has-background-background-color has-background has-global-padding is-layout-constrained wp-container-core-group-is-layout-7276a2bb wp-block-group-is-layout-constrained\" style=\"margin-top:0;margin-bottom:0;padding-top:var(--wp--preset--spacing--60);padding-right:var(--wp--preset--spacing--30);padding-bottom:var(--wp--preset--spacing--60);padding-left:var(--wp--preset--spacing--30)\">\n<div class=\"wp-block-columns alignwide are-vertically-aligned-center is-layout-flex wp-container-core-columns-is-layout-643ced6b wp-block-columns-is-layout-flex\">\n<div class=\"wp-block-column is-vertically-aligned-center is-layout-flow wp-container-core-column-is-layout-119bc444 wp-block-column-is-layout-flow\">\n<div class=\"wp-block-group alignwide has-global-padding is-content-justification-left is-layout-constrained wp-container-core-group-is-layout-8b4c372c wp-block-group-is-layout-constrained\">\n<h3 class=\"wp-block-heading\">Nuestros logros en la normalizaci\u00f3n y pr\u00f3xima legalizaci\u00f3n del cannabis en Espa\u00f1a.<\/h3>\n\n\n\n<p style=\"margin-top:16px\">Con casi 15 a\u00f1os en la industria y tres d\u00e9cadas dedicadas al cultivo y tratamiento del cannabis, seguimos compartiendo y difundiendo nuestra pasi\u00f3n y conocimientos de esta extraordinaria planta.<\/p>\n<\/div>\n\n\n\n<div class=\"wp-block-columns alignwide is-layout-flex wp-container-core-columns-is-layout-08c01c1c wp-block-columns-is-layout-flex\">\n<div class=\"wp-block-column is-layout-flow wp-block-column-is-layout-flow\">\n<h3 class=\"wp-block-heading has-text-align-left has-primary-color has-text-color has-large-font-size\">Cultivo de Interior<\/h3>\n\n\n\n<h3 class=\"wp-block-heading has-text-align-left has-medium-font-size\" style=\"margin-top:16px\">Experiencia<\/h3>\n\n\n\n<p class=\"has-text-align-left has-small-font-size\" style=\"margin-top:8px\">M\u00e1s de 20 a\u00f1os de experiencia en jardiner\u00eda de interior, ofrecemos el mejor asesoramiento a nuestros clientes.<\/p>\n<\/div>\n\n\n\n<div class=\"wp-block-column is-layout-flow wp-block-column-is-layout-flow\">\n<h3 class=\"wp-block-heading has-text-align-left has-primary-color has-text-color has-large-font-size\">Cultivo de Exterior<\/h3>\n\n\n\n<h3 class=\"wp-block-heading has-text-align-left has-medium-font-size\" style=\"margin-top:16px\">Nuestra autentica Pasion<\/h3>\n\n\n\n<p class=\"has-text-align-left has-small-font-size\" style=\"margin-top:8px\">Te brindamos asesoramiento para que logres los mejores resultados y la m\u00e1xima producci\u00f3n con tus plantas de exterior.<\/p>\n<\/div>\n<\/div>\n\n\n\n<div class=\"wp-block-columns alignwide is-layout-flex wp-container-core-columns-is-layout-08c01c1c wp-block-columns-is-layout-flex\">\n<div class=\"wp-block-column is-layout-flow wp-block-column-is-layout-flow\">\n<h3 class=\"wp-block-heading has-text-align-left has-primary-color has-text-color has-large-font-size\">5000+<\/h3>\n\n\n\n<h3 class=\"wp-block-heading has-text-align-left has-medium-font-size\" style=\"margin-top:16px\">Clientes satisfechos<\/h3>\n\n\n\n<p class=\"has-text-align-left has-small-font-size\" style=\"margin-top:8px\">M\u00e1s de 5000 clientes satisfechos conf\u00edan en nosotros para crear su jard\u00edn ideal.<\/p>\n<\/div>\n\n\n\n<div class=\"wp-block-column is-layout-flow wp-block-column-is-layout-flow\">\n<h3 class=\"wp-block-heading has-text-align-left has-primary-color has-text-color has-large-font-size\">Parafernalia, CBD<\/h3>\n\n\n\n<h3 class=\"wp-block-heading has-text-align-left has-medium-font-size\" style=\"margin-top:16px\">Calidad de vida<\/h3>\n\n\n\n<p class=\"has-text-align-left has-small-font-size\" style=\"margin-top:8px\">Con casi 15 a\u00f1os de experiencia en el sector, nos dedicamos a ofrecerte el mejor asesoramiento posible, adaptado a tus necesidades.<\/p>\n<\/div>\n<\/div>\n<\/div>\n\n\n\n<div class=\"wp-block-column is-vertically-aligned-center is-layout-flow wp-container-core-column-is-layout-8a368f38 wp-block-column-is-layout-flow\">\n<div class=\"wp-block-cover\"><span aria-hidden=\"true\" class=\"wp-block-cover__background has-background-dim\"><\/span><img loading=\"lazy\" decoding=\"async\" width=\"1024\" height=\"1792\" class=\"wp-block-cover__image-background wp-image-121\" alt=\"\" src=\"https:\/\/www.sativagrowshop.com\/blog\/wp-content\/uploads\/2025\/01\/img-f8VAbSt9ew0Px0vViXHOcSSO.png\" data-object-fit=\"cover\" srcset=\"https:\/\/www.sativagrowshop.com\/blog\/wp-content\/uploads\/2025\/01\/img-f8VAbSt9ew0Px0vViXHOcSSO.png 1024w, https:\/\/www.sativagrowshop.com\/blog\/wp-content\/uploads\/2025\/01\/img-f8VAbSt9ew0Px0vViXHOcSSO-171x300.png 171w, https:\/\/www.sativagrowshop.com\/blog\/wp-content\/uploads\/2025\/01\/img-f8VAbSt9ew0Px0vViXHOcSSO-585x1024.png 585w, https:\/\/www.sativagrowshop.com\/blog\/wp-content\/uploads\/2025\/01\/img-f8VAbSt9ew0Px0vViXHOcSSO-768x1344.png 768w, https:\/\/www.sativagrowshop.com\/blog\/wp-content\/uploads\/2025\/01\/img-f8VAbSt9ew0Px0vViXHOcSSO-878x1536.png 878w\" sizes=\"auto, (max-width: 1024px) 100vw, 1024px\" \/><div class=\"wp-block-cover__inner-container is-layout-flow wp-block-cover-is-layout-flow\">\n<p class=\"has-text-align-center has-large-font-size\">www.sativagrowshop.com<\/p>\n<\/div><\/div>\n\n\n\n<div class=\"wp-block-group has-tertiary-background-color has-background has-global-padding is-layout-constrained wp-container-core-group-is-layout-24fca791 wp-block-group-is-layout-constrained\" style=\"padding-top:var(--wp--preset--spacing--30);padding-right:24px;padding-bottom:var(--wp--preset--spacing--30);padding-left:24px\">\n<p>Sativa Grow Shop<\/p>\n\n\n\n<div class=\"wp-block-group is-nowrap is-layout-flex wp-container-core-group-is-layout-3b4e9d3e wp-block-group-is-layout-flex\">\n<div class=\"wp-block-group has-global-padding is-layout-constrained wp-block-group-is-layout-constrained\">\n<h4 class=\"wp-block-heading has-text-align-left has-small-font-size\">Contamos con las gen\u00e9ticas de los principales bancos de semillas de marihuana de Espa\u00f1a, Europa y Am\u00e9rica.<\/h4>\n\n\n\n<p class=\"has-text-align-left has-small-font-size\" style=\"margin-top:2px\">Somos distribuidores oficiales.<\/p>\n<\/div>\n<\/div>\n<\/div>\n<\/div>\n<\/div>\n\n\n\n<p>Dar la m\u00e1xima confianza a nuestros clientes es nuestra raz\u00f3n de ser<\/p>\n<\/div>\n\n\n\n<div class=\"wp-block-group alignfull has-background-background-color has-background has-global-padding is-layout-constrained wp-container-core-group-is-layout-7276a2bb wp-block-group-is-layout-constrained\" style=\"margin-top:0;margin-bottom:0;padding-top:var(--wp--preset--spacing--60);padding-right:var(--wp--preset--spacing--30);padding-bottom:var(--wp--preset--spacing--60);padding-left:var(--wp--preset--spacing--30)\">\n<div class=\"wp-block-columns alignwide are-vertically-aligned-center has-tertiary-background-color has-background is-layout-flex wp-container-core-columns-is-layout-7c9548a8 wp-block-columns-is-layout-flex\" style=\"padding-top:0;padding-right:0;padding-bottom:0;padding-left:0\">\n<div class=\"wp-block-column is-vertically-aligned-center is-layout-flow wp-block-column-is-layout-flow\" style=\"flex-basis:40%\">\n<div class=\"wp-block-cover ext-import\"><span aria-hidden=\"true\" class=\"wp-block-cover__background has-background-dim\"><\/span><img loading=\"lazy\" decoding=\"async\" width=\"1024\" height=\"1024\" class=\"wp-block-cover__image-background wp-image-124\" alt=\"\" src=\"https:\/\/www.sativagrowshop.com\/blog\/wp-content\/uploads\/2025\/01\/img-RgGrxJCJ5aiPvLkVREbPWK4E.png\" data-object-fit=\"cover\" srcset=\"https:\/\/www.sativagrowshop.com\/blog\/wp-content\/uploads\/2025\/01\/img-RgGrxJCJ5aiPvLkVREbPWK4E.png 1024w, https:\/\/www.sativagrowshop.com\/blog\/wp-content\/uploads\/2025\/01\/img-RgGrxJCJ5aiPvLkVREbPWK4E-300x300.png 300w, https:\/\/www.sativagrowshop.com\/blog\/wp-content\/uploads\/2025\/01\/img-RgGrxJCJ5aiPvLkVREbPWK4E-150x150.png 150w, https:\/\/www.sativagrowshop.com\/blog\/wp-content\/uploads\/2025\/01\/img-RgGrxJCJ5aiPvLkVREbPWK4E-768x768.png 768w\" sizes=\"auto, (max-width: 1024px) 100vw, 1024px\" \/><div class=\"wp-block-cover__inner-container has-global-padding is-layout-constrained wp-block-cover-is-layout-constrained\">\n<p class=\"has-text-align-center has-large-font-size\">www.sativagrowshop.com<\/p>\n<\/div><\/div>\n<\/div>\n\n\n\n<div class=\"wp-block-column is-vertically-aligned-center is-layout-flow wp-block-column-is-layout-flow\">\n<div class=\"wp-block-group has-global-padding is-layout-constrained wp-container-core-group-is-layout-301020a0 wp-block-group-is-layout-constrained\" style=\"padding-top:var(--wp--preset--spacing--50);padding-right:var(--wp--preset--spacing--50);padding-bottom:var(--wp--preset--spacing--50);padding-left:var(--wp--preset--spacing--50)\">\n<h3 class=\"wp-block-heading\" style=\"margin-top:12px\">Hagamos crecer su cultivo juntos<\/h3>\n\n\n\n<p style=\"margin-top:16px\">\u00bfDesea convertir su cultivo exterior o interior en un impresionante oasis verde? En Sativa Grow Shop, contamos con todo lo necesario para garantizar el \u00e9xito de su cultivo.<\/p>\n\n\n\n<div class=\"wp-block-buttons is-content-justification-left is-layout-flex wp-container-core-buttons-is-layout-ec155617 wp-block-buttons-is-layout-flex\" style=\"margin-top:var(--wp--preset--spacing--40)\">\n<div class=\"wp-block-button is-style-outline is-style-outline--1\"><a class=\"wp-block-button__link wp-element-button\">M\u00e1s informaci\u00f3n<\/a><\/div>\n\n\n\n<div class=\"wp-block-button\"><a class=\"wp-block-button__link wp-element-button\" href=\"https:\/\/www.sativagrowshop.com\/index.php?controller=contact\">Cont\u00e1ctenos<\/a><\/div>\n<\/div>\n<\/div>\n<\/div>\n<\/div>\n<\/div>\n\n\n\n<p><\/p>\n","protected":false},"excerpt":{"rendered":"<p>Nuestra Experiencia en el sector del cannabis Pioneros en la comercializaci\u00f3n de CBD en Espa\u00f1a 15 A\u00f1os Para celebrar nuestro 15\u00ba aniversario, \u00a1prep\u00e1rate para miles de sorpresas! Nuestros logros en la normalizaci\u00f3n y pr\u00f3xima legalizaci\u00f3n del cannabis en Espa\u00f1a. Con casi 15 a\u00f1os en la industria y tres d\u00e9cadas dedicadas al cultivo y tratamiento del [&hellip;]<\/p>\n","protected":false},"author":1,"featured_media":0,"parent":0,"menu_order":0,"comment_status":"closed","ping_status":"closed","template":"no-title","meta":{"om_disable_all_campaigns":false,"_monsterinsights_skip_tracking":false,"_monsterinsights_sitenote_active":false,"_monsterinsights_sitenote_note":"","_monsterinsights_sitenote_category":0,"_uf_show_specific_survey":0,"_uf_disable_surveys":false,"footnotes":""},"class_list":["post-14","page","type-page","status-publish","hentry"],"aioseo_notices":[],"_links":{"self":[{"href":"https:\/\/www.sativagrowshop.com\/blog\/wp-json\/wp\/v2\/pages\/14","targetHints":{"allow":["GET"]}}],"collection":[{"href":"https:\/\/www.sativagrowshop.com\/blog\/wp-json\/wp\/v2\/pages"}],"about":[{"href":"https:\/\/www.sativagrowshop.com\/blog\/wp-json\/wp\/v2\/types\/page"}],"author":[{"embeddable":true,"href":"https:\/\/www.sativagrowshop.com\/blog\/wp-json\/wp\/v2\/users\/1"}],"replies":[{"embeddable":true,"href":"https:\/\/www.sativagrowshop.com\/blog\/wp-json\/wp\/v2\/comments?post=14"}],"version-history":[{"count":7,"href":"https:\/\/www.sativagrowshop.com\/blog\/wp-json\/wp\/v2\/pages\/14\/revisions"}],"predecessor-version":[{"id":126,"href":"https:\/\/www.sativagrowshop.com\/blog\/wp-json\/wp\/v2\/pages\/14\/revisions\/126"}],"wp:attachment":[{"href":"https:\/\/www.sativagrowshop.com\/blog\/wp-json\/wp\/v2\/media?parent=14"}],"curies":[{"name":"wp","href":"https:\/\/api.w.org\/{rel}","templated":true}]}}